igit of 2111?
1
What is the units digit of 1862?
2
What is the thousands digit of 55705?
5
What is the hundreds digit of 703?
7
What is the ten thousands digit of 39679?
3
What is the hundreds digit of 1220?
2
What is the tens digit of 24976?
7
What is the tens digit of 18?
1
What is the thousands digit of 1242?
1
What is the units digit of 1648?
8
What is the hundreds digit of 1284?
2
What is the tens digit of 3446?
4
What is the tens digit of 5689?
8
What is the tens digit of 3512?
1
What is the tens digit of 330?
3
What is the hundreds digit of 16842?
8
What is the hundreds digit of 39088?
0
What is the hundreds digit of 6149?
1
What is the hundreds digit of 1234?
2
What is the tens digit of 66726?
2
What is the units digit of 758?
8
What is the units digit of 1347?
7
What is the hundreds digit of 1009?
0
What is the thousands digit of 17516?
7
What is the hundreds digit of 1616?
6
What is the ten thousands digit of 20654?
2
What is the units digit of 3732?
2
What is the thousands digit of 5083?
5
What is the tens digit of 26976?
7
What is the units digit of 898?
8
What is the hundreds digit of 5743?
7
What is the units digit of 34409?
9
What is the ten thousands digit of 20983?
2
What is the tens digit of 1349?
4
What is the thousands digit of 3838?
3
What is the hundreds digit of 65261?
2
What is the tens digit of 1146?
4
What is the hundreds digit of 25238?
2
What is the tens digit of 45406?
0
What is the thousands digit of 46302?
6
What is the units digit of 1679?
9
What is the units digit of 139?
9
What is the tens digit of 129?
2
What is the hundreds digit of 9513?
5
What is the tens digit of 839?
3
What is the units digit of 1647?
7
What is the units digit of 3613?
3
What is the units digit of 1270?
0
What is the units digit of 92745?
5
What is the tens digit of 1817?
1
What is the units digit of 1715?
5
What is the tens digit of 1208?
0
What is the hundreds digit of 2310?
3
What is the tens digit of 613?
1
What is the tens digit of 40253?
5
What is the units digit of 9081?
1
What is the tens digit of 1850?
5
What is the thousands digit of 2534?
2
What is the ten thousands digit of 12585?
1
What is the hundreds digit of 4222?
2
What is the tens digit of 10617?
1
What is the tens digit of 70795?
9
What is the units digit of 1193?
3
What is the tens digit of 121375?
7
What is the units digit of 737?
7
What is the ten thousands digit of 37023?
3
What is the tens digit of 2054?
5
What is the tens digit of 994?
9
What is the tens digit of 111264?
6
What is the units digit of 8277?
7
What is the hundreds digit of 7232?
2
What is the hundreds digit of 9346?
3
What is the thousands digit of 58880?
8
What is the hundreds digit of 124906?
9
What is the tens digit of 505?
0
What is the thousands digit of 115265?
5
What is the tens digit of 3319?
1
What is the hundreds digit of 9427?
4
What is the hundreds digit of 10901?
9
What is the hundreds digit of 39957?
9
What is the tens digit of 13106?
0
What is the thousands digit of 184859?
4
What is the thousands digit of 64431?
4
What is the hundreds digit of 5529?
5
What is the thousands digit of 8627?
8
What is the tens digit of 2085?
8
What is the thousands digit of 71317?
1
What is the units digit of 1147?
7
What is the units digit of 8092?
2
What is the hundreds digit of 1051?
0
What is the hundreds digit of 6573?
5
What is the tens digit of 2266?
6
What is the hundreds digit of 74285?
2
What is the thousands digit of 104605?
4
What is the hundreds digit of 53423?
4
What is the tens digit of 1948?
4
What is the hundreds digit of 489?
4
What is the thousands digit of 27800?
7
What is the tens digit of 300?
0
What is the hundreds digit of 131138?
1
What is the thousands digit of 1273?
1
What is the hundreds digit of 58405?
4
What is the units digit of 67250?
0
What is the hundreds digit of 609?
6
What is the units digit of 7888?
8
What is the ten thousands digit of 22861?
2
What is the thousands digit of 20737?
0
What is the hundreds digit of 12433?
4
What is the tens digit of 11061?
6
What is the tens digit of 12029?
2
What is the thousands digit of 2488?
2
What is the thousands digit of 5746?
5
What is the tens digit of 4593?
9
What is the units digit of 9109?
9
What is the hundreds digit of 2790?
7
What is the tens digit of 30891?
9
What is the tens digit of 1460?
6
What is the units digit of 55834?
4
What is the tens digit of 2124?
2
What is the units digit of 13281?
1
What is the tens digit of 1895?
9
What is the thousands digit of 3639?
3
What is the thousands digit of 13098?
3
What is the thousands digit of 9341?
9
What is the tens digit of 15898?
9
What is the hundreds digit of 16199?
1
What is the units digit of 789?
9
What is the thousands digit of 17380?
7
What is the hundreds digit of 391?
3
What is the tens digit of 5022?
2
What is the tens digit of 8007?
0
What is the hundreds digit of 1811?
8
What is the units digit of 1030?
0
What is the units digit of 138040?
0
What is the units digit of 271?
1
What is the tens digit of 711?
1
What is the tens digit of 8571?
7
What is the hundreds digit of 125997?
9
What is the hundreds digit of 4366?
3
What is the units digit of 4076?
6
What is the hundreds digit of 441?
4
What is the tens digit of 12836?
3
What is the units digit of 6346?
6
What is the thousands digit of 2093?
2
What is the thousands digit of 46320?
6
What is the units digit of 1246?
6
What is the hundreds digit of 371?
3
What is the units digit of 10747?
7
What is the units digit of 6469?
9
What is the thousands digit of 47188?
7
What is the thousands digit of 67564?
7
What is the units digit of 6247?
7
What is the tens digit of 15772?
7
What is the hundreds digit of 8250?
2
What is the hundreds digit of 1036?
0
What is the tens digit of 3247?
4
What is the hundreds digit of 1161?
1
What is the units digit of 20284?
4
What is the tens digit of 8464?
6
What is the units digit of 663?
3
What is the hundreds digit of 67612?
6
What is the tens digit of 659?
5
What is the tens digit of 1132?
3
What is the ten thousands digit of 20670?
2
What is the tens digit of 793?
9
What is the tens digit of 1733?
3
What is the tens digit of 862?
6
What is the thousands digit of 2306?
2
What is the hundreds digit of 16569?
5
What is the units digit of 916?
6
What is the tens digit of 4168?
6
What is the units digit of 307?
7
What is the units digit of 258?
8
What is the thousands digit of 17560?
7
What is the units digit of 75049?
9
What is the hundreds digit of 2905?
9
What is the ten thousands digit of 11439?
1
What is the thousands digit of 26297?
6
What is the ten thousands digit of 12526?
1
What is the units digit of 20403?
3
What is the tens digit of 1417?
1
What is the hundreds digit of 982?
9
What is the thousands digit of 54921?
4
What is the thousands digit of 76672?
6
What is the units digit of 316?
6
What is the units digit of 6?
6
What is the units digit of 133?
3
What is the units digit of 83224?
4
What is the thousands digit of 2378?
2
What is the hundreds digit of 1827?
8
What is the units digit of 511?
1
What is the thousands digit of 12800?
2
What is the tens digit of 74697?
9
What is the ten thousands digit of 147607?
4
What is the hundreds digit of 1431?
4
What is the thousands digit of 6415?
6
What is the units digit of 7232?
2
What is the hundreds digit of 924?
9
What is the tens digit of 1913?
1
What is the units digit of 196?
6
What is the ten thousands digit of 34441?
3
What is the units digit of 1184?
4
What is the tens digit of 2401?
0
What is the thousands digit of 6138?
6
What is the thousands digit of 6399?
6
What is the hundreds digit of 30217?
2
What is the hundreds digit of 52939?
9
What is the thousands digit of 2212?
2
What is the units digit of 548?
8
What is the units digit of 3222?
2
What is the tens digit of 1198?
9
What is the tens digit of 9091?
9
What is the units digit of 53122?
2
What is the thousands digit of 112081?
2
What is the thousands digit of 7996?
7
What is the tens digit of 229?
2
What is the tens digit of 725?
2
What is the units digit of 2133?
3
What is the ten thousands digit of 56471?
5
What is the ten thousands digit of 16591?
1
What is the hundreds digit of 8076?
0
What is the hundreds digit of 823?
8
What is the hundreds digit of 